38 = 3*d, -3*h + 5*d + 4514 = 0. List the prime factors of h/14 + 2/7.
2, 3
Let l(m) = 4*m + 50. Let i be l(-12). Suppose -1496 = -10*n + i*n. List the prime factors of n.
11, 17
Suppose 5*s - 645 = -4*h + 287, 3*s + 4*h = 564. List the prime factors of s.
2, 23
Suppose -23 - 28 = 3*s. Let r be (-7 - s)*6/(-15). What are the prime factors of r/(-12) + 209/3?
2, 5, 7
List the prime factors of (290/30 + -3)*462.
2, 5, 7, 11
Suppose 4*y - y - 8 = 2*z, z = 2*y - 6. Suppose 3*b - 560 = -y*b. What are the prime factors of b?
2, 5
Let s(d) = -d**2 + 15. Let a be s(0). Let t be a/13 + (-14)/91. List the prime factors of 54*(0 - t/(-3)).
2, 3
Let q(w) = 9*w**2 - 8*w + 11. Let o be q(6). Suppose 0 = -6*u + 445 + o. What are the prime factors of u?
2, 61
Let i = 2792 + -1292. List the prime factors of i.
2, 3, 5
Let n(s) be the second derivative of -s**3/6 + 19*s**2 + 2*s. What are the prime factors of n(17)?
3, 7
List the prime factors of -4 + (-756059)/(-155) + 12/10.
3, 5, 13
Suppose 26*c = 146998 - 22042. What are the prime factors of c?
2, 3, 89
Let q be ((-4)/(-12))/((-3)/387). What are the prime factors of q/4*(-17 - -13)?
43
Let t(l) = l**3 - 21*l**2 - 2*l + 17. What are the prime factors of t(22)?
457
Suppose -3243*a = -3263*a + 57680. List the prime factors of a.
2, 7, 103
Suppose 4*l - h = 11931, 462 = -l + h + 3447. List the prime factors of l.
2, 3, 7, 71
Let h(n) = 104*n**2 + 7*n + 21. What are the prime factors of h(-3)?
2, 3, 13
Let p be 9*1/12*4. Suppose 5 = 2*n + p*n. What are the prime factors of n + 1 + (2 - -1)?
5
Suppose 3*x - 3*k = 6, 0 = x + 3*k + k - 17. Suppose 46 = l - 2*s, -x*l = s - 2*s - 212. What are the prime factors of l?
2, 3, 7
Suppose 3*c + 0 = 3. What are the prime factors of 2/c + (-59)/(-1)?
61
Let n = 2 - 5. Let q be n/1*200/12. Let p = q - -73. What are the prime factors of p?
23
Let x(o) = -3*o - 40. Let g be x(-17). Let b(r) = 3*r**2 - 5*r + 1. List the prime factors of b(g).
3, 103
Let d = -1000 - -1031. List the prime factors of d.
31
Suppose 6*c - c = 0. Suppose -5*f + f + 12 = c. Suppose -2*q - 31 = -f*q. What are the prime factors of q?
31
Let o = 1683 - 526. What are the prime factors of o?
13, 89
What are the prime factors of ((-6)/(-4))/(6/4844)?
7, 173
Suppose 3*q - 21 = -3*p, -3*p + 7*p = 5*q - 80. Let i be -2*(-3 - q/(-8)). Suppose -4*g = -i*j - 22, 2*j - j + 10 = 2*g. List the prime factors of g.
2
Let s be (160/6)/(2/24 + 0). Let d = s - 171. List the prime factors of d.
149
Let h(x) = -85*x - 9. Let j be h(-3). Suppose 5*w - 2*n = 273, 5*w - 23 = n + j. List the prime factors of w.
53
Let c be (15/(-12))/(4/(-16)). Suppose -65 = -c*j + 45. List the prime factors of j.
2, 11
Let q(r) = -2*r**3 - 27*r**2 - 38*r - 80. List the prime factors of q(-16).
2, 113
Suppose -3*f + 30 = 3*d, 4*f - 3*d = 2*f + 25. Let q = 109 + -113. List the prime factors of (-6)/q - f/(-22).
2
Let a(l) = l**2 + 1. Let q(f) = 6 + 11*f - 2 - 11 - f**2. Let m(d) = -2*a(d) - q(d). List the prime factors of m(-8).
29
Let l(d) = -2*d**2 - 15*d - 14. Let w be l(-6). Suppose p - 83 = -4*v - 0*p, 0 = -2*v + w*p + 28. What are the prime factors of v?
2, 5
Let k be -5*(8/(-5) - -1). Suppose -k + 6 = o, -4*m + 50 = 2*o. What are the prime factors of m?
11
Suppose 4 + 23 = 3*v - 3*z, 2*v + 12 = -4*z. Suppose -v*g = -s - 54 + 172, -5*s = -5*g - 650. List the prime factors of s.
2, 67
Let n be 2/8 - (-188)/16. Let o(b) = -b - 11. Let w be o(-7). List the prime factors of w/n - 44/(-6).
7
Let s(l) = 5*l**2 - 8*l. Let j(y) = y. Let r(q) = 6*j(q) + s(q). Let t be r(2). Let u = -7 + t. List the prime factors of u.
3
Let h(r) = r**3 + 12*r**2 - 4*r - 1. List the prime factors of h(-6).
239
Suppose 3*x + 401 = 2*v - 87, 3*x = 0. Let r be (-1)/(-3) + v/(-12). Let z = 24 + r. List the prime factors of z.
2
Let z = 1639 - -30. What are the prime factors of z?
1669
Suppose 58 = o + 1. Let z be -1 - -1 - o/(-3). Let n = 37 - z. List the prime factors of n.
2, 3
Suppose 5*d = 5*w + 640, -5*d - 3*w + 95 = -529. Suppose -k + 4*o + d = -0*o, 4*k - o = 444. List the prime factors of k.
2, 5, 11
Suppose 4*t - 4*c = 568, -t - 2*t = -5*c - 420. Suppose u + 4*u = t. List the prime factors of u.
29
Suppose -i - 18 = 2*i. List the prime factors of 88/i*(-3)/2.
2, 11
Suppose -4*c + 12 + 9 = 3*k, 2*k = -c + 4. Let x = c - 1. Suppose -91 = -x*b + 3*o, 2*b - 2*o = b + 21. What are the prime factors of b?
17
Let q(k) = -65*k - 6. Let m be q(-4). Suppose 2*o - 7*o = 5*y - 430, m = 3*y + 2*o. What are the prime factors of y?
2, 41
Let j = 67 + -79. List the prime factors of (j - -9)/(1/(-9)).
3
Let d(g) be the second derivative of g**5/20 - 11*g**4/12 - 3*g**3/2 - 3*g**2 + 14*g. List the prime factors of d(12).
2, 3, 5
Suppose -4*f + 2270 = a, 18*a - f - 6836 = 15*a. What are the prime factors of a?
2, 17, 67
Let k(v) = -v**2 + 13*v - 2. Let q(i) = i**3 + i**2 - 3*i - 2. Let c be q(-2). Suppose 13*n - 17*n + 44 = c. List the prime factors of k(n).
2, 5
Suppose 4*f + 2 = -54. Let o = 358 + -391. Let t = f - o. List the prime factors of t.
19
Suppose 14*d = 2131 + 7109. List the prime factors of d.
2, 3, 5, 11
What are the prime factors of 3/(6 + -3)*46/2?
23
Let t = -328 - -794. List the prime factors of t.
2, 233
Suppose 5*p = h + 115, 0 = p + 2*h + h - 23. List the prime factors of p.
23
Let b(a) be the first derivative of -3*a**4/4 + a**3 + 4*a**2 + 8*a - 5. List the prime factors of b(-3).
2, 23
List the prime factors of ((1992/18)/(-1))/((-2)/6).
2, 83
Let n be (-238)/51 + 2/3. List the prime factors of 7/(63/1884) + n/(-6).
2, 3, 5, 7
Let n be (-10)/(-8) + 9/12. Let t(p) be the second derivative of p**3 - 2*p**2 - 2*p. List the prime factors of t(n).
2
Let r(y) = -99*y + 22. What are the prime factors of r(-4)?
2, 11, 19
Let z(m) = 2*m**3 - 17*m**2 - 11*m + 20. List the prime factors of z(11).
2, 3, 7
Let x = 221 - 198. List the prime factors of x.
23
Let r = -3 - -63. What are the prime factors of (r/45)/((-2)/(-3))?
2
Suppose -5*p = -3*s - 110 + 488, 0 = 3*s - 2*p - 387. What are the prime factors of s?
131
Suppose -86 = -14*b + 12. Let l(v) be the first derivative of 5*v**2/2 + 22*v - 4. What are the prime factors of l(b)?
3, 19
Let p = 1466 + -829. What are the prime factors of p?
7, 13
Let r be (4 + 0)/(2/(-4)). Let n = r - -6. Let s(a) = -a**2 - 4*a - 2. What are the prime factors of s(n)?
2
Let k(s) = -11*s + 17. Let h be k(5). Let d be -1 - h/2 - 4. Suppose 10*n + 148 = d*n. List the prime factors of n.
37
Let q(u) = 4*u**3 - 9*u**2 - 8*u + 11. Let v(r) = 3*r**3 - 8*r**2 - 8*r + 10. Let z(o) = -2*q(o) + 3*v(o). List the prime factors of z(8).
2, 3
Suppose 2 = -w, -4*w - 3 = i + 1. Suppose -i*q + q = 5*n - 50, -3*q - 10 = -n. What are the prime factors of n?
2, 5
Let v(y) = -3*y**3 + y + 24. List the prime factors of v(-6).
2, 3, 37
Let i(w) = w**2 - 2*w - 4. Let m be i(-2). Suppose -4*v + 20 = 0, -23 = -4*p - 7*v + m*v. Suppose 5*r = 25, -175 = -4*o - r - p*r. List the prime factors of o.
2, 5
Let c(g) = 36*g**2 - 18*g + 150. What are the prime factors of c(7)?
2, 3, 149
Let q be 4 + -1 + (-2 - 1). Let d(k) = 4*k + 5*k - 5*k + 37 + q*k. What are the prime factors of d(0)?
37
Let n(u) = u**3 - 9*u**2 + 14*u. Let a be n(4). What are the prime factors of 23 + (-3)/2*a/(-18)?
3, 7
Let m(v) = -v**3 - 16*v**2 - 12*v - 3. Let x be m(-15). Let w be x/(-9)*(-3)/(-4). Suppose -9 - 32 = -k + l, -w*k = l - 184. What are the prime factors of k?
3, 5
Suppose 0 = -3*l + 5*f + 3415, 3*l - 2598 = -2*f + 824. What are the prime factors of l?
2, 3, 5, 19
Let h(a) = 76*a - 25. What are the prime factors of h(25)?
3, 5
Let s(y) = -y - 5. Let b(v) = 4*v + 24. Let d(u) = -3*b(u) - 14*s(u). Let m be d(1). Suppose m = 5*z - 180 + 45. What are the prime factors of z?
3
Suppose -5*n + 3 = -22. Suppose -2*x - 3*x = 2*k - 55, 5*k = 5*x + 50. Suppose -q + n*p = -31, -2*q = p - k - 80. What are the prime factors of q?
2, 23
Suppose 4*c = -y + 3597, 6*c - 11*c = 2*y - 4497. List the prime factors of c.
29, 31
Let c = -39 - -15. Let g = -5 + 4. List the prime factors of -1 + (-1 - c) + g.
3, 7
Let w(u) = -u**2 + 40*u + 129. Let s be w(43). Let i(j) = -9*j - 10. Let k be i(-9). Suppose s = -4*h - k + 307. List the prime factors of h.
59
Let g = 82 - 87. List the prime factors of 0 + 1